-21)) + -3.
15
What is 32 + -78 - -51 - 23?
-18
Evaluate 2 + (9 - (5 + 10 + -6)).
2
Evaluate 15 - (1 + 20 - -8).
-14
(-1 + -7 - (-4 + 3)) + 13
6
Calculate 17 + -3 + -7 - 2 - (-2 - -3).
4
What is the value of (1 - -4) + (41 - 52)?
-6
Calculate ((-6 - -7) + -6 - -7) + 2.
4
What is (7 - 6) + 8 - (-5 + 5)?
9
What is -17 + (4 - -8) + 4?
-1
-34 + 14 + (2 - 2)
-20
What is the value of (5 - (20 + -8)) + 19?
12
23 + (-22 - (11 - (11 - -12)))
13
(-1 - 3) + -23 + 26 - (4 + -3)
-2
What is (-76 + -10 - -34) + 39?
-13
4 - (13 - (2 + (3 - -11)))
7
(-4 - ((0 - 5) + -6)) + -3 + -9
-5
What is 3 + -30 - (19 - 29 - -5)?
-22
What is -2 + (5 - 1) + 22 - (-15 - -20)?
19
What is the value of 10 - (-10 + 3) - (6 + 1)?
10
Evaluate -3 + -18 + -7 - -21.
-7
What is the value of 1 - -4 - (139 - (107 - -3))?
-24
Evaluate 9 - (-14 + -1 + 43).
-19
What is -34 + 7 + (131 - 124)?
-20
Evaluate 32 + 1 + (-2 + 12 - 3).
40
Calculate -4 - (1 + (-4 - -2)) - (-2340 + 2346).
-9
Calculate (1 - -4) + (10 + -15 + 7 - 4).
3
Evaluate (-31 + -3 + 10 - -10) + 10.
-4
What is -5 - 18 - (-4 + (3 - -7) + -8)?
-21
11 - (3 + -1 - (-28 + 35))
16
What is -1 - 2 - (-55 + 42)?
10
(25 - 49 - 9) + 22
-11
-8 + (-14 + 22 - -17)
17
-12 - -53 - 17 - 24
0
What is 1 - (-5 - ((0 - 1) + -4)) - 2?
-1
What is (0 - -3) + -5 - (2 - -10)?
-14
2 + (13 - (17 - 14))
12
Evaluate 135 - 186 - -59 - (1 - (-25 - 1)).
-19
Evaluate -25 + 32 + (-7 - 15) + 8.
-7
7 + (0 - (17 - (-3 + 8)))
-5
What is -163 + 156 + (-5 - -1) + -5?
-16
What is the value of 21 - (82 - 39) - (-1 - -15)?
-36
Calculate -10 - ((-11 - 13) + 2).
12
What is the value of 10 + -4 + (-13 - ((5 - -9) + -7))?
-14
Calculate 5 + (-3 - -1) - -3.
6
Calculate 28 + -27 + (0 + -4 - (2 + -6)).
1
Calculate 18 + -2 + ((-2 - -3) + 1 - 5).
13
(-9 - -3) + 26 - 1
19
Evaluate 1 + -2 + -3 + 1 + (194 - 215).
-24
What is the value of 6 + (-12 - -1) + (-23 - -27)?
-1
3 + -2 - -1 - (-56 - -74)
-16
-7 + (13 - 3) + 26 + -32
-3
Calculate 5 - 17 - (9 - 19).
-2
What is the value of 0 - (-3 + -7 - -18) - 7?
-15
What is 8 + -31 + (68 - 23)?
22
Calculate -1 - (0 + -8) - (22 - (-29 + 51)).
7
3 - (-10 - (-8 + 4)) - (1 + -1)
9
Evaluate 23 + (18 - 29) - -2.
14
1 - -13 - (-13 - (34 + -43))
18
Calculate 1 + -13 + 18 + -6.
0
2 + (-23 - -15) + (3 - 0) - -2
-1
Evaluate 1 - 20 - (4 - 9 - -3 - 5).
-12
Evaluate 11 + (-3 - (20 + -7)).
-5
What is the value of 4 - (-12 + 3) - (10 + 12)?
-9
Evaluate 4 - (54 + -25) - -10.
-15
Calculate 20 + -19 + (-1 - (-3 - -2)).
1
-25 + (55 - (13 + 4))
13
What is the value of -37 - (-37 - (-23 - -12))?
-11
(-9 - (-5 - 14)) + 3 + 1
14
Calculate -13 - ((27 - 14) + -1) - 4.
-29
Evaluate (-15 - (-9 + -6)) + 14.
14
Calculate -11 + (-5 - -11) - (-12 + -3).
10
What is (6 - (-7 + 8)) + -5 + -8?
-8
What is 0 - (-1 - -2) - (-31 + -12 - -23)?
19
Evaluate 2 + 6 + 27 + -28.
7
-7 + (3 - 29) + 23
-10
What is the value of -43 - (-19 + (17 - 17))?
-24
What is the value of 6 - 0 - (10 - 3 - -10 - -14)?
-25
What is (33 - 24) + 7 + -19?
-3
What is the value of -56 - -65 - (-15 + 0 + -3) - 4?
23
Evaluate -6 - (-4 + 3 + 11 + 5) - -6.
-15
10 - (-7 + (13 - 14)) - -21
39
What is the value of 16 - (40 + -23) - 4?
-5
Calculate (5 - -12) + -22 + 6.
1
Evaluate (-7 - -1 - (-7 + 8)) + -24 + 20.
-11
Calculate -1 + (3 - (-1 - -7)) - (2 + 8).
-14
Calculate -4 - (-7 - (-11 + 1) - 1).
-6
25 + -6 + -4 + -3 - (1 + -9)
20
What is -21 + -2 + -13 + 29 + 1 + 5?
-1
What is -10 + 0 + 7 - (-3 + -5 + -12)?
17
What is (10 - -2 - 9) + -9?
-6
What is the value of (5 + -4 + -11 - -9) + 3?
2
Evaluate -48 - -57 - (-1 + -1).
11
What is 2 + -4 - ((34 - 23) + -9 + 2)?
-6
What is the value of -6 - 4 - (-1 + 0 - 8)?
-1
What is the value of (4 - -1) + -11 + (0 - 0)?
-6
-2 + ((-13 - -26) + -18 - (1 - 18))
10
Calculate 1 + (4 - (1 - 1) - (-16 - -20)).
1
Evaluate -14 - -14 - (-7 - (3 - -5) - 8).
23
Evaluate (5 - 19) + -3 + 6 + -4 + -6.
-21
Evaluate (-2 - (6 + 33)) + 10.
-31
Calculate -15 + 2 + (-52 - -28) + 20.
-17
What is (-7 - 4) + 6 + 12 + -10?
-3
3 + 0 + -9 + 13 + 2 + 3
12
Evaluate 26 + -62 + (39 - -5).
8
Evaluate 97 + -68 + -15 + -3.
11
Calculate (-196 - -208) + 2 + -9.
5
(-3 - (-21 + -8)) + -44
-18
What is the value of 12 + (14 - (18 - -3))?
5
What is the value of (0 - 21) + (-46 - -74)?
7
-4 - (-12 + 11) - 3
-6
What is 37 + -27 + -3 - -15?
22
What is 17 + -1 - (-760 + 776)?
0
Evaluate 21 - (-7 + -5 + -6 + 4).
35
What is the value of 4 + -2 + (4 - -1) + -19?
-12
What is the value of (16 - -6) + 5 - 6?
21
What is (-34 - -34) + (-1 - 3 - 0) + 10?
6
-10 + 38 - 14 - 4 - -13
23
What is (30 - 55) + -5 - -57?
27
-4 - -14 - (14 + -13 + -2)
11
What is the value of 3 + -16 + 0 + 5?
-8
Evaluate -11 + (7 - (15 - 13)).
-6
Evaluate 11 - (2 - 7 - (-10 - -11)).
17
What is -12 + 7 + 4 + -4 + -6?
-11
What is the value of -4 - (-39 + 29 + -11)?
17
Evaluate 4 + 10 - (36 + -46 - -35).
-11
What is the value of -43 + 53 - (-3 - (-5 - -9))?
17
What is 0 - (-3 + 2 + 1) - (28 + -14)?
-14
What is the value of -13 + 5 + (107 - 78) + (-10 - 1)?
10
Evaluate -13 - (-28 + (45 - 13)).
-17
What is the value of (6 - 19 - -2) + 30?
19
Calculate 28 + 0 - ((6 - -9) + -9).
22
What is 3 - 3 - -2 - ((5 - 6) + 12)?
-9
Evaluate 16 - 17 - (3 - -6 - 2 - -3).
-11
What is the value of -4 + -3 + 4 - (-1 + 1)?
-3
What is 34 - (40 - (7 + 21))?
22
What is -16 + (5 - -23) + -13?
-1
What is the value of 8 + -12 - (-32 + 5 + 9)?
14
What is -6 - (5 + -34) - 18?
5
What is -17 - -20 - 10 - (5 + -20)?
8
(25 - 17 - 11 - (-7 + 1)) + 0
3
What is the value of (3 - 15 - 5) + 8?
-9
3 + 2 + -8 + 17 + -40
-26
What is the value of (-8 - (-14 - -2)) + (9 - -1)?
14
What is -27 - (11 + -7) - (-6 - 10)?
-15
What is the value of (-54 - -66) + (4 + -4 - -2)?
14
Calculate (9 - -2) + -3 + -8 + 20.
20
Evaluate (5 - (-3 + -1)) + 4 + 12 + -7.
18
What is the value of 7 + (-15 - 6) - (-5 + 0)?
-9
Calculate 1 + 6 + 0 + (-20 - (24 - 37)).
0
What is the value of (110 - 113) + (-5 - 6)?
-14
What is -3 - (-21 - -2 - (-10 - -15) - -6)?
15
What is the value of -1 - (3 + 8 + -9)?
-3
(201 + -195 - (28 + 0)) + 1
-21
What is -6 + -8 + (-26 - -23)?
-17
3 + (-2 - 3) + 11 + -13 + 23
19
What is (1 - (12 + -5)) + 1 + 4?
-1
Evaluate 0 + 2 + (-6 - (3 - (-2 - -6))).
-3
Calculate -4 - -8 - (13 - 12 - (15 + -1)).
17
0 - (2 - -1) - -1 - -16
14
Evaluate -1 + -9 + 2 - (-80 - -43).
29
Evaluate 5 + -5 + 6 - (4 - 14).
16
Calculate 39 + (51 - 26) + -28.
36
Evaluate -10 + 0 + 10 + 21 + (-19 - -9).
11
What is the value of 1 + -2 + 202 + -200 + -32 + -1?
-32
Calculate 0 - 4 - (99 - 87 - (0 + -1)).
-17
What is the value of 4 - (46 + (-32 - -19))?
-29
Evaluate (7 - -1) + -17 + (21 - 24).
-12
Evaluate 12 + (-1 - -3) - (39 - 15).
-10
Evaluate 1 + -4 + 3 + -12 + (-6 - -4).
-14
What is the value of -6 + 0 + 8 + (-3 - -12)?
11
(1 - 0) + (-5 - -7)
3
Calculate 0 - (3 + 0) - (-26 - (-82 - -48)).
-11
Calculate 2 + -2 + 6 + -26 + 26 + 1.
7
What is -11 - (-24 + 18 - 3)?
-2
4 + (-22 - (-10 + -4 + 9)) - -6
-7
Evaluate -29 - (-23 - (20 + -41)).
-27
Evaluate -1 + (15 - 11) + 4 + -15.
-8
What is the value of 6 + (-17 - -11 - (0 - 5) - 6)?
-1
What is (7 - (9 + -4)) + -1 + 1?
2
Evaluate -38 + -23 + (22 - -40).
1
Evaluate -21 - ((16 - (19 - 11)) + -13).
-16
Evaluate 31 + (-4 - -1) - (26 + (-55 - -24)).
33
29 + (-18 - -20) - 11
20
What is 2 + (-4 - -12 - (21 + -13)) - 6?
-4
359 - 352 - (-13 + 1)
19
What is the value of -6 + 5 + (0 - -8) + -10 + -7?
-10
Calculate (16 + -28 - -15) + -12.
-9
(19 - (-3 + 14)) + -3 + 4
9
-18 + (7 + -14 - -10 - -8)
-7
1 + -1 + ((-9 - -28) + -9 - 0)
10
Calculate -1 - (14 + (0 - 4) - 10).
-1
What is the value of -23 + (1 + -3 + 1 - (-18 + 22))?
-28
What is -14 + -8 - (-33 + 17)?
-6
What is 8 + 3 + -5 - (43 + -36)?
-1
Calculate -5 - (8 + (7 - (6 - -1))).
-13
3 + -12 - 4 - -38
25
Evaluate 11 + -2 + 0 + -4 + (13 - 9).
9
-3 - 3 - (3 + 11 - 13)
-7
Calculate 4 - -28 - (-131 - -156).
7
81 - 63 - (6 + 1)
11
What is the value of -21 - (-26 + (-38 - -18))?
25
What is the value of (0 - 4) + -42 + 56?
10
Calculate (-8 - -31) + -17 - 12.
-6
What is the value of -7 - -6 - (-4 - -2) - (41 + -40)?
0
What is the value of -3 + -8 + -3 + (42 - 43) - -3?
-12
20 + 1 - (59 - 41)
3
Calculate 37 + -30 - 33 - -1.
-25
What is the value of 9 - ((-9 - -2) + 11 + 11)?
-6
Evaluate (1 - -11) + (-27 - -22) + 18.
25
-13 + (12 - 21) + 23
1
What is the value o